e prime factors of 5935.
5, 1187
List the prime factors of 5449.
5449
List the prime factors of 4003.
4003
List the prime factors of 20520.
2, 3, 5, 19
What are the prime factors of 4209?
3, 23, 61
List the prime factors of 12601.
12601
What are the prime factors of 66540?
2, 3, 5, 1109
What are the prime factors of 150?
2, 3, 5
List the prime factors of 11447.
11447
List the prime factors of 20941.
43, 487
List the prime factors of 1172.
2, 293
List the prime factors of 688.
2, 43
List the prime factors of 29077.
29077
List the prime factors of 1687.
7, 241
List the prime factors of 558.
2, 3, 31
What are the prime factors of 3689?
7, 17, 31
List the prime factors of 63.
3, 7
List the prime factors of 116453.
101, 1153
List the prime factors of 2847.
3, 13, 73
List the prime factors of 755.
5, 151
What are the prime factors of 85325?
5, 3413
What are the prime factors of 686?
2, 7
What are the prime factors of 21459?
3, 23, 311
What are the prime factors of 12708?
2, 3, 353
List the prime factors of 73755.
3, 5, 11, 149
What are the prime factors of 1131?
3, 13, 29
List the prime factors of 52892.
2, 7, 1889
What are the prime factors of 68?
2, 17
What are the prime factors of 6094?
2, 11, 277
What are the prime factors of 10098?
2, 3, 11, 17
What are the prime factors of 10310?
2, 5, 1031
List the prime factors of 1005.
3, 5, 67
What are the prime factors of 12784?
2, 17, 47
List the prime factors of 3904.
2, 61
List the prime factors of 995.
5, 199
What are the prime factors of 10414?
2, 41, 127
List the prime factors of 1576.
2, 197
What are the prime factors of 22129?
22129
List the prime factors of 5851.
5851
What are the prime factors of 4607?
17, 271
List the prime factors of 869.
11, 79
What are the prime factors of 39705?
3, 5, 2647
List the prime factors of 410.
2, 5, 41
List the prime factors of 15504.
2, 3, 17, 19
List the prime factors of 15640.
2, 5, 17, 23
What are the prime factors of 3706?
2, 17, 109
List the prime factors of 2071.
19, 109
What are the prime factors of 79104?
2, 3, 103
What are the prime factors of 32455?
5, 6491
List the prime factors of 155.
5, 31
What are the prime factors of 1788?
2, 3, 149
What are the prime factors of 1708?
2, 7, 61
What are the prime factors of 16113?
3, 41, 131
What are the prime factors of 42473?
42473
What are the prime factors of 96?
2, 3
List the prime factors of 619.
619
List the prime factors of 61255.
5, 12251
List the prime factors of 19258.
2, 9629
List the prime factors of 63704.
2, 7963
List the prime factors of 669.
3, 223
What are the prime factors of 157957?
191, 827
List the prime factors of 732.
2, 3, 61
What are the prime factors of 5011?
5011
List the prime factors of 1626.
2, 3, 271
What are the prime factors of 2007?
3, 223
List the prime factors of 212.
2, 53
What are the prime factors of 2253?
3, 751
List the prime factors of 11319.
3, 7, 11
List the prime factors of 6451.
6451
List the prime factors of 9506.
2, 7, 97
What are the prime factors of 77601?
3, 25867
What are the prime factors of 1311?
3, 19, 23
List the prime factors of 19342.
2, 19, 509
What are the prime factors of 947?
947
What are the prime factors of 4587?
3, 11, 139
List the prime factors of 8846.
2, 4423
What are the prime factors of 2161?
2161
List the prime factors of 2086.
2, 7, 149
What are the prime factors of 2476?
2, 619
List the prime factors of 29236.
2, 7309
What are the prime factors of 24493?
7, 3499
List the prime factors of 4838.
2, 41, 59
List the prime factors of 31948.
2, 7, 163
What are the prime factors of 75159?
3, 7, 1193
List the prime factors of 30871.
30871
What are the prime factors of 3584?
2, 7
List the prime factors of 2648.
2, 331
What are the prime factors of 3948?
2, 3, 7, 47
List the prime factors of 92122.
2, 46061
List the prime factors of 1084.
2, 271
List the prime factors of 35909.
149, 241
List the prime factors of 4700.
2, 5, 47
What are the prime factors of 1734?
2, 3, 17
List the prime factors of 1012.
2, 11, 23
What are the prime factors of 12234?
2, 3, 2039
What are the prime factors of 105?
3, 5, 7
List the prime factors of 9.
3
List the prime factors of 818.
2, 409
List the prime factors of 24748.
2, 23, 269
What are the prime factors of 672?
2, 3, 7
List the prime factors of 884.
2, 13, 17
What are the prime factors of 215?
5, 43
What are the prime factors of 2315?
5, 463
What are the prime factors of 417?
3, 139
What are the prime factors of 3533?
3533
List the prime factors of 8847.
3, 983
What are the prime factors of 523?
523
What are the prime factors of 61310?
2, 5, 6131
What are the prime factors of 31558?
2, 31, 509
List the prime factors of 3841.
23, 167
What are the prime factors of 61559?
61559
What are the prime factors of 53738?
2, 97, 277
List the prime factors of 13787.
17, 811
List the prime factors of 5637.
3, 1879
What are the prime factors of 17270?
2, 5, 11, 157
What are the prime factors of 39163?
39163
List the prime factors of 2153.
2153
List the prime factors of 4002.
2, 3, 23, 29
What are the prime factors of 48579?
3, 16193
List the prime factors of 25914.
2, 3, 7, 617
List the prime factors of 21092.
2, 5273
List the prime factors of 8491.
7, 1213
What are the prime factors of 37409?
37409
List the prime factors of 35525.
5, 7, 29
What are the prime factors of 75408?
2, 3, 1571
List the prime factors of 2994.
2, 3, 499
What are the prime factors of 5785?
5, 13, 89
List the prime factors of 26566.
2, 37, 359
List the prime factors of 30365.
5, 6073
What are the prime factors of 97805?
5, 31, 631
List the prime factors of 202196.
2, 50549
List the prime factors of 8780.
2, 5, 439
List the prime factors of 70926.
2, 3, 11821
What are the prime factors of 5491?
17, 19
What are the prime factors of 2224?
2, 139
List the prime factors of 850.
2, 5, 17
List the prime factors of 35600.
2, 5, 89
List the prime factors of 825.
3, 5, 11
List the prime factors of 753.
3, 251
What are the prime factors of 1930?
2, 5, 193
List the prime factors of 5584.
2, 349
What are the prime factors of 2590?
2, 5, 7, 37
List the prime factors of 9277.
9277
List the prime factors of 1597.
1597
List the prime factors of 149.
149
What are the prime factors of 46841?
31, 1511
List the prime factors of 292.
2, 73
List the prime factors of 2016.
2, 3, 7
List the prime factors of 1075.
5, 43
List the prime factors of 819.
3, 7, 13
What are the prime factors of 43688?
2, 43, 127
List the prime factors of 15161.
15161
List the prime factors of 9758.
2, 7, 17, 41
List the prime factors of 630.
2, 3, 5, 7
List the prime factors of 8225.
5, 7, 47
List the prime factors of 14295.
3, 5, 953
What are the prime factors of 5127?
3, 1709
What are the prime factors of 43386?
2, 3, 7, 1033
List the prime factors of 2400.
2, 3, 5
List the prime factors of 950.
2, 5, 19
What are the prime factors of 22703?
73, 311
List the prime factors of 21545.
5, 31, 139
What are the prime factors of 493?
17, 29
What are the prime factors of 37284?
2, 3, 13, 239
List the prime factors of 97083.
3, 7, 23, 67
List the prime factors of 8645.
5, 7, 13, 19
List the prime factors of 305.
5, 61
What are the prime factors of 57459?
3, 107, 179
What are the prime factors of 22929?
3, 7643
What are the prime factors of 110549?
227, 487
List the prime factors of 7232.
2, 113
What are the prime factors of 3920?
2, 5, 7
What are the prime factors of 1255?
5, 251
What are the prime factors of 3120?
2, 3, 5, 13
What are the prime factors of 12878?
2, 47, 137
What are the prime factors of 2833?
2833
List the prime factors of 2705.
5, 541
List the prime factors of 26393.
26393
What are the prime factors of 34349?
7, 701
List the prime factors of 20601.
3, 7, 109
What are the prime factors of 2202?
2, 3, 367
List the prime factors of 26393.
26393
List the prime factors of 693.
3, 7, 11
What are the prime factors of 664?
2, 83
List the prime factors of 5071.
11, 461
List the prime factors of 320.
2, 5
What are the prime factors of 4019?
4019
List the prime factors of 913.
11, 83
List the prime factors of 4978.
2, 19, 131
List the prime factors of 7890.
2, 3, 5, 263
List the prime factors of 2952.
2, 3, 41
List the prime factors of 263.
263
List the prime factors of 22510.
2, 5, 2251
List the prim